base 9, what is 22 + 12?
34
In base 12, what is 29 - 13?
16
In base 13, what is 30 - 114?
-b4
In base 3, what is -10 - 1101?
-1111
In base 2, what is 1 + 110100110?
110100111
In base 15, what is -20 - ac?
-cc
In base 11, what is -246 + -3?
-249
In base 4, what is 230 + 2101?
2331
In base 15, what is 4 + -8?
-4
In base 12, what is -144 + -5?
-149
In base 9, what is -3572 - -5?
-3566
In base 6, what is 3 - 10350?
-10343
In base 15, what is 4 + -3a?
-36
In base 6, what is -212 + -1324?
-1540
In base 11, what is -478 + 0?
-478
In base 14, what is -3 + -1437?
-143a
In base 14, what is 5 - 1629?
-1624
In base 3, what is 112 - -11?
200
In base 9, what is 3 - -168?
172
In base 15, what is -2 + 5e9?
5e7
In base 15, what is 1346 + -5?
1341
In base 14, what is -2 + -199b?
-199d
In base 5, what is 0 - 31441?
-31441
In base 2, what is 1100100000 - -10?
1100100010
In base 14, what is 40ac - -1?
40ad
In base 14, what is -4 + -30a?
-310
In base 15, what is 36 - 18a?
-154
In base 15, what is -b7 - -d?
-a9
In base 4, what is -3222 + 1?
-3221
In base 12, what is -5 + -21?
-26
In base 8, what is 5 - 555?
-550
In base 8, what is 37 + 13?
52
In base 16, what is b2 - -a?
bc
In base 12, what is a6 - -7?
b1
In base 14, what is -138 + -5?
-13d
In base 6, what is 113 + -21?
52
In base 8, what is 5 + 262?
267
In base 6, what is 5 + -15245?
-15240
In base 5, what is -102331 + 4?
-102322
In base 6, what is 2 + -1304?
-1302
In base 10, what is -277 - -28?
-249
In base 11, what is 9 + 32?
40
In base 6, what is -2041 + -3?
-2044
In base 4, what is 101120 - 11?
101103
In base 16, what is 0 - -1b?
1b
In base 7, what is 3 - -555?
561
In base 2, what is -1101000101 - 10?
-1101000111
In base 9, what is -3 + 21?
17
In base 10, what is 0 + -37?
-37
In base 15, what is 21 + 4?
25
In base 10, what is -6 - 30?
-36
In base 2, what is -10000 - -1000100?
110100
In base 8, what is -5 + 230?
223
In base 6, what is 104 - -12?
120
In base 13, what is -5 - -6?
1
In base 10, what is 7965 + -3?
7962
In base 16, what is -3 - -12?
f
In base 8, what is -165 - -25?
-140
In base 4, what is 2 + -3103?
-3101
In base 8, what is -27 + 127?
100
In base 14, what is -4652 + 1?
-4651
In base 10, what is -4 - -210?
206
In base 16, what is -34d - -5?
-348
In base 11, what is -5 - -3a?
35
In base 2, what is -11 - -11110001010?
11110000111
In base 10, what is -2 + 1?
-1
In base 8, what is 135 + -306?
-151
In base 7, what is 0 + -15?
-15
In base 11, what is 4 - -272?
276
In base 8, what is -316 + -1?
-317
In base 8, what is -7 + 55?
46
In base 5, what is 120 - -423?
1043
In base 10, what is 0 + 80?
80
In base 8, what is -27 - -1761?
1732
In base 10, what is -9 + 8?
-1
In base 3, what is -12 + 21010?
20221
In base 7, what is -5 - 1400?
-1405
In base 10, what is -2417 + 5?
-2412
In base 11, what is 4 + -3480?
-3477
In base 7, what is 12460 - 2?
12455
In base 16, what is 4c - 4?
48
In base 16, what is -6 - 91?
-97
In base 2, what is -10101 + 1100000?
1001011
In base 4, what is -13123 + -1?
-13130
In base 9, what is -3 - 671?
-674
In base 16, what is -4ff - 6?
-505
In base 8, what is -1003 + 2?
-1001
In base 16, what is -715 - -4?
-711
In base 9, what is 7257 - 5?
7252
In base 14, what is -7b - -5?
-76
In base 13, what is a1 - 10?
91
In base 6, what is -202 - 35?
-241
In base 11, what is 57a1 + 4?
57a5
In base 9, what is -53 + 2?
-51
In base 13, what is -57 + b?
-49
In base 14, what is 842 + 0?
842
In base 10, what is 0 + 456?
456
In base 4, what is 1 - 132303?
-132302
In base 5, what is -120 + -1?
-121
In base 10, what is -153 - -8?
-145
In base 11, what is -466 - -1?
-465
In base 12, what is -5 - -1?
-4
In base 9, what is 21 - 24?
-3
In base 13, what is -100 - -5?
-c8
In base 14, what is -218 + -1?
-219
In base 11, what is -6a6 - 3?
-6a9
In base 2, what is -101001 + 1?
-101000
In base 12, what is -7 - -11?
6
In base 11, what is -173 - 13?
-186
In base 8, what is 63 - -2?
65
In base 4, what is -1 - -202?
201
In base 8, what is 2120 - 4?
2114
In base 14, what is 1 - -33d?
340
In base 6, what is -4111 + -4?
-4115
In base 5, what is 2032 - -20?
2102
In base 15, what is -3 + -1d8?
-1db
In base 6, what is -245 + 5?
-240
In base 4, what is -2301 + 2?
-2233
In base 2, what is -111000101000 - 10?
-111000101010
In base 7, what is 54 - 126?
-42
In base 4, what is -1301233 + 3?
-1301230
In base 14, what is -4 + -15b?
-161
In base 13, what is 143b6 + 0?
143b6
In base 7, what is 110232 - 1?
110231
In base 12, what is 4 - 434?
-430
In base 13, what is -44 - -5?
-3c
In base 15, what is -14 + 12?
-2
In base 2, what is 1 - 100010000001?
-100010000000
In base 13, what is 3 - -74?
77
In base 5, what is 24 + -320?
-241
In base 14, what is b0 + -11?
9d
In base 9, what is -34 + -5?
-40
In base 9, what is 0 - 27?
-27
In base 5, what is -14 - 2?
-21
In base 5, what is -3 + -13?
-21
In base 15, what is 879 - 3?
876
In base 4, what is 111031 + 1?
111032
In base 8, what is 14 + 35?
51
In base 16, what is -9 - -2f6?
2ed
In base 9, what is 10 + -178?
-168
In base 3, what is 1000002 + -11?
222221
In base 9, what is 76 - -1?
77
In base 13, what is -9 + 1?
-8
In base 5, what is -40011 - 3?
-40014
In base 16, what is -5 + -b?
-10
In base 7, what is -14 - 1062?
-1106
In base 2, what is -1000 + 101001011?
101000011
In base 11, what is 6 - -1?
7
In base 15, what is -337 - 2?
-339
In base 5, what is -4 + 113122?
113113
In base 2, what is -10000 + -10010?
-100010
In base 2, what is -10 + 1010?
1000
In base 9, what is -22 - -3?
-18
In base 7, what is 3 - -1132?
1135
In base 15, what is 4 + 27?
2b
In base 4, what is -10 + -300?
-310
In base 9, what is 6 - -84?
101
In base 16, what is -5b - -3?
-58
In base 5, what is 10 + -1234?
-1224
In base 12, what is -215 - 5?
-21a
In base 3, what is 10 - -201201?
201211
In base 10, what is 1039 - 4?
1035
In base 2, what is -10001011001110 - -10?
-10001011001100
In base 7, what is -151154 - 5?
-151162
In base 13, what is -5c - 1bc?
-24b
In base 12, what is -12 + -169?
-17b
In base 9, what is 7802 + -1?
7801
In base 14, what is 36 - -bb?
113
In base 12, what is -118 - -3?
-115
In base 3, what is 0 + -11220210?
-11220210
In base 12, what is -6 + 206?
200
In base 4, what is -13100 + 23?
-13011
In base 4, what is -3311 + -201?
-10112
In base 6, what is -42111 - 5?
-42120
In base 4, what is 11123 + -212?
10311
In base 4, what is 0 + -22020?
-22020
In base 6, what is 2 + -1143?
-1141
In base 2, what is 1110110 - 101?
1110001
In base 15, what is 4 - 34?
-30
In base 14, what is 4 - 704?
-700
In base 16, what is 2 + 57?
59
In base 13, what is 2b - 4?
27
In base 10, what is -3025 + 2?
-3023
In base 3, what is -1220222 + 0?
-1220222
In base 7, what is 1 - -60?
61
In base 4, what is 20 - -2301?
2321
In base 11, what is 1 - 146?
-145
In base 15, what is -23 + 12?
-11
In base 13, what is -39 - 20?
-59
In base 16, what is -3 + -7?
-a
In base 15, what is 22 + -1a7?
-185
In base 13, what is -3 + -4?
-7
In base 4, what is -223 - -10?
-213
In base 2, what is 111101 - 1101011?
-101110
In base 5, what is -400 - 4?
-404
In base 2, what is 1001011101 + -1?
1001011100
In base 16, what is 8 - 267?
-25f
In base 16, what is -30b - 4?
-30f
In base 13, what is 143 + 2?
145
In base 15, what is 534 + -9?
52a
In base 3, what is 1 - -11110?
11111
In base 6, what is -3 - 435?
-442
In base 4, what is -10 - -2220?
2210
In base 4, what is -2301 + 331?
-1310
In base 5, what is -24 + -143?
-222
In base 2, what is 101 - -11110110010?
11110110111
In base 12, what is 8505 - 1?
8504
In base 13, what is 1139 - 2?
1137
In base 8, what is -135 - 61?
-216
In base 6, what is -1030 + 0?
-1030
In base 14, what is -b5 - 3?
-b8
In base 8, what is -5 + 1410?
1403
In base 4, what is 100 + -132?
-32
In base 14, what is 1b - -47?
64
In base 12, what is 46 + 12?
58
In base 5, what is 10011 + 10?
10021
In base 2, what is 1001110 + -10?
1001100
In base 6, what is -2 - -1503?
1501
In base 13, what is -3 - -c?
9
In base 16, what is 0 + fc?
fc
In base 14, what is 1747 + 5?
174c
In base 4, what is 201 + 221?
1022
In base 12, what is -15 + -35?
-4a
In base 10, what is -17 - -541?
524
In base 14, what is -1db + -2?
-1dd
In base 11, what is -84 + 9?
-76
In base 13, what is 9a + 0?
9a
In base 2, what is -10001000111000 + 11?
-10001000110101
In base 13, what is -1b8 - 5?
-1c0
In b